{"id":9606,"date":"2023-05-21T00:53:02","date_gmt":"2023-05-20T22:53:02","guid":{"rendered":"https:\/\/www.drphotgraph.de\/?page_id=9606"},"modified":"2023-05-22T15:37:05","modified_gmt":"2023-05-22T13:37:05","slug":"gutschein","status":"publish","type":"page","link":"https:\/\/www.drphotgraph.de\/?page_id=9606","title":{"rendered":"Gutschein"},"content":{"rendered":"\t\t<div data-elementor-type=\"wp-page\" data-elementor-id=\"9606\" class=\"elementor elementor-9606\">\n\t\t\t\t\t\t<section class=\"elementor-section elementor-top-section elementor-element elementor-element-1877e32 elementor-section-full_width elementor-hidden-desktop elementor-hidden-tablet elementor-section-height-default elementor-section-height-default\" data-id=\"1877e32\" data-element_type=\"section\" data-e-type=\"section\">\n\t\t\t\t\t\t<div class=\"elementor-container elementor-column-gap-default\">\n\t\t\t\t\t<div class=\"elementor-column elementor-col-50 elementor-top-column elementor-element elementor-element-5bb6ce9e\" data-id=\"5bb6ce9e\" data-element_type=\"column\" data-e-type=\"column\">\n\t\t\t<div class=\"elementor-widget-wrap elementor-element-populated\">\n\t\t\t\t\t\t<div class=\"elementor-element elementor-element-12f94c2 elementor-widget elementor-widget-heading\" data-id=\"12f94c2\" data-element_type=\"widget\" data-e-type=\"widget\" data-widget_type=\"heading.default\">\n\t\t\t\t<div class=\"elementor-widget-container\">\n\t\t\t\t\t<h2 class=\"elementor-heading-title elementor-size-default\">Gutscheine<\/h2>\t\t\t\t<\/div>\n\t\t\t\t<\/div>\n\t\t\t\t\t<\/div>\n\t\t<\/div>\n\t\t\t\t<div class=\"elementor-column elementor-col-50 elementor-top-column elementor-element elementor-element-69231a54\" data-id=\"69231a54\" data-element_type=\"column\" data-e-type=\"column\" data-settings=\"{&quot;background_background&quot;:&quot;classic&quot;}\">\n\t\t\t<div class=\"elementor-widget-wrap\">\n\t\t\t\t\t\t\t<\/div>\n\t\t<\/div>\n\t\t\t\t\t<\/div>\n\t\t<\/section>\n\t\t\t\t<section class=\"elementor-section elementor-top-section elementor-element elementor-element-72f097dd elementor-section-full_width elementor-hidden-tablet elementor-hidden-mobile elementor-section-height-default elementor-section-height-default\" data-id=\"72f097dd\" data-element_type=\"section\" data-e-type=\"section\">\n\t\t\t\t\t\t<div class=\"elementor-container elementor-column-gap-default\">\n\t\t\t\t\t<div class=\"elementor-column elementor-col-33 elementor-top-column elementor-element elementor-element-10e5666b\" data-id=\"10e5666b\" data-element_type=\"column\" data-e-type=\"column\">\n\t\t\t<div class=\"elementor-widget-wrap\">\n\t\t\t\t\t\t\t<\/div>\n\t\t<\/div>\n\t\t\t\t<div class=\"elementor-column elementor-col-33 elementor-top-column elementor-element elementor-element-1936965d\" data-id=\"1936965d\" data-element_type=\"column\" data-e-type=\"column\">\n\t\t\t<div class=\"elementor-widget-wrap elementor-element-populated\">\n\t\t\t\t\t\t<div class=\"elementor-element elementor-element-3fe085fd elementor-widget elementor-widget-heading\" data-id=\"3fe085fd\" data-element_type=\"widget\" data-e-type=\"widget\" data-widget_type=\"heading.default\">\n\t\t\t\t<div class=\"elementor-widget-container\">\n\t\t\t\t\t<h2 class=\"elementor-heading-title elementor-size-default\">Gutscheine<\/h2>\t\t\t\t<\/div>\n\t\t\t\t<\/div>\n\t\t\t\t\t<\/div>\n\t\t<\/div>\n\t\t\t\t<div class=\"elementor-column elementor-col-33 elementor-top-column elementor-element elementor-element-552d54ba\" data-id=\"552d54ba\" data-element_type=\"column\" data-e-type=\"column\" data-settings=\"{&quot;background_background&quot;:&quot;classic&quot;}\">\n\t\t\t<div class=\"elementor-widget-wrap\">\n\t\t\t\t\t\t\t<\/div>\n\t\t<\/div>\n\t\t\t\t\t<\/div>\n\t\t<\/section>\n\t\t\t\t<section class=\"elementor-section elementor-top-section elementor-element elementor-element-7984986f elementor-hidden-mobile elementor-section-boxed elementor-section-height-default elementor-section-height-default\" data-id=\"7984986f\" data-element_type=\"section\" data-e-type=\"section\">\n\t\t\t\t\t\t<div class=\"elementor-container elementor-column-gap-default\">\n\t\t\t\t\t<div class=\"elementor-column elementor-col-100 elementor-top-column elementor-element elementor-element-57bb77aa\" data-id=\"57bb77aa\" data-element_type=\"column\" data-e-type=\"column\">\n\t\t\t<div class=\"elementor-widget-wrap elementor-element-populated\">\n\t\t\t\t\t\t<div class=\"elementor-element elementor-element-644e4cf3 elementor-widget elementor-widget-spacer\" data-id=\"644e4cf3\" data-element_type=\"widget\" data-e-type=\"widget\" data-widget_type=\"spacer.default\">\n\t\t\t\t<div class=\"elementor-widget-container\">\n\t\t\t\t\t\t\t<div class=\"elementor-spacer\">\n\t\t\t<div class=\"elementor-spacer-inner\"><\/div>\n\t\t<\/div>\n\t\t\t\t\t\t<\/div>\n\t\t\t\t<\/div>\n\t\t\t\t\t<\/div>\n\t\t<\/div>\n\t\t\t\t\t<\/div>\n\t\t<\/section>\n\t\t\t\t<section class=\"elementor-section elementor-top-section elementor-element elementor-element-959c5ee elementor-section-boxed elementor-section-height-default elementor-section-height-default\" data-id=\"959c5ee\" data-element_type=\"section\" data-e-type=\"section\">\n\t\t\t\t\t\t<div class=\"elementor-container elementor-column-gap-default\">\n\t\t\t\t\t<div class=\"elementor-column elementor-col-100 elementor-top-column elementor-element elementor-element-612b8f4\" data-id=\"612b8f4\" data-element_type=\"column\" data-e-type=\"column\">\n\t\t\t<div class=\"elementor-widget-wrap elementor-element-populated\">\n\t\t\t\t\t\t<div class=\"elementor-element elementor-element-8331542 elementor-widget elementor-widget-shortcode\" data-id=\"8331542\" data-element_type=\"widget\" data-e-type=\"widget\" data-widget_type=\"shortcode.default\">\n\t\t\t\t<div class=\"elementor-widget-container\">\n\t\t\t\t\t\t\t<div class=\"elementor-shortcode\"><div class=\"gallery-post\"><style type=\"text\/css\">\n#foogallery-gallery-9605.fg-masonry .fg-item { width: 220px; }\n#foogallery-gallery-9605.fg-masonry { --fg-gutter: 6px; }<\/style>\n\t\t\t<style type=\"text\/css\">\n#foogallery-gallery-9605_1.fg-masonry .fg-item { width: 220px; }\n#foogallery-gallery-9605_1.fg-masonry { --fg-gutter: 6px; }<\/style>\n\t\t\t<div class=\"foogallery foogallery-container foogallery-masonry foogallery-lightbox-none fg-center fg-masonry fg-ready fg-dark fg-loading-default fg-loaded-fade-in fg-caption-hover fg-hover-fade fg-hover-plus fg-fixed\" id=\"foogallery-gallery-9605_1\" data-foogallery=\"{&quot;item&quot;:{&quot;showCaptionTitle&quot;:true,&quot;showCaptionDescription&quot;:true},&quot;lazy&quot;:true,&quot;template&quot;:{&quot;columnWidth&quot;:220,&quot;gutter&quot;:6}}\" style=\"--fg-title-line-clamp: 0; --fg-description-line-clamp: 0;\" >\n\t\t<div class=\"fg-item fg-type-image fg-idle\"><figure class=\"fg-item-inner\"><a href=\"https:\/\/www.drphotgraph.de\/wp-content\/uploads\/2023\/05\/1072-gal-230517-173331-D8463-o02.webp\" data-caption-title=\"Faltkarten in brilliantem Farbdruck auf stabilem, hochwertigen Papier.\" data-caption-desc=\"Faltkarten in brilliantem Farbdruck auf stabilem, hochwertigen Papier.\" data-attachment-id=\"9599\" data-e-disable-page-transition=\"true\" data-type=\"image\" class=\"fg-thumb\"><span class=\"fg-image-wrap\"><img decoding=\"async\" alt=\"Fotograf Erotikshooting Teilakt Portraitfotograf Fotoshooting Pirna Moritzburg Dresden Newborn\" title=\"Faltkarten in brilliantem Farbdruck auf stabilem, hochwertigen Papier.\" width=\"220\" height=\"157\" class=\"skip-lazy fg-image\" data-src-fg=\"https:\/\/www.drphotgraph.de\/wp-content\/uploads\/cache\/2023\/05\/1072-gal-230517-173331-D8463-o02\/245636689.webp\" src=\"data:image\/svg+xml,%3Csvg%20xmlns%3D%22http%3A%2F%2Fwww.w3.org%2F2000%2Fsvg%22%20width%3D%22220%22%20height%3D%22157%22%20viewBox%3D%220%200%20220%20157%22%3E%3C%2Fsvg%3E\" loading=\"eager\"><\/span><span class=\"fg-image-overlay\"><\/span><\/a><figcaption class=\"fg-caption\"><div class=\"fg-caption-inner\"><div class=\"fg-caption-desc\">Faltkarten in brilliantem Farbdruck auf stabilem, hochwertigen Papier.<\/div><\/div><\/figcaption><\/figure><div class=\"fg-loader\"><\/div><\/div><div class=\"fg-item fg-type-image fg-idle\"><figure class=\"fg-item-inner\"><a href=\"https:\/\/www.drphotgraph.de\/wp-content\/uploads\/2023\/05\/1072-gal-230517-181923-D8503-o02.webp\" data-attachment-id=\"9627\" data-e-disable-page-transition=\"true\" data-type=\"image\" class=\"fg-thumb\"><span class=\"fg-image-wrap\"><img decoding=\"async\" alt=\"Portraitfotograf Teilakt Portrait Erotikshooting Radeberg Moritzburg Pieschen Geschenkgutschein\" width=\"220\" height=\"192\" class=\"skip-lazy fg-image\" data-src-fg=\"https:\/\/www.drphotgraph.de\/wp-content\/uploads\/cache\/2023\/05\/1072-gal-230517-181923-D8503-o02\/4015893798.webp\" src=\"data:image\/svg+xml,%3Csvg%20xmlns%3D%22http%3A%2F%2Fwww.w3.org%2F2000%2Fsvg%22%20width%3D%22220%22%20height%3D%22192%22%20viewBox%3D%220%200%20220%20192%22%3E%3C%2Fsvg%3E\" loading=\"eager\"><\/span><span class=\"fg-image-overlay\"><\/span><\/a><\/figure><div class=\"fg-loader\"><\/div><\/div><div class=\"fg-item fg-type-image fg-idle\"><figure class=\"fg-item-inner\"><a href=\"https:\/\/www.drphotgraph.de\/wp-content\/uploads\/2023\/05\/1072-gal-230517-173736-D8466-o02.webp\" data-attachment-id=\"9600\" data-e-disable-page-transition=\"true\" data-type=\"image\" class=\"fg-thumb\"><span class=\"fg-image-wrap\"><img decoding=\"async\" alt=\"Kunst Erotikshooting Fotoshooting Nossen Stolpen Fotogutschein Geschenkgutschein\" width=\"220\" height=\"156\" class=\"skip-lazy fg-image\" data-src-fg=\"https:\/\/www.drphotgraph.de\/wp-content\/uploads\/cache\/2023\/05\/1072-gal-230517-173736-D8466-o02\/1744426330.webp\" src=\"data:image\/svg+xml,%3Csvg%20xmlns%3D%22http%3A%2F%2Fwww.w3.org%2F2000%2Fsvg%22%20width%3D%22220%22%20height%3D%22156%22%20viewBox%3D%220%200%20220%20156%22%3E%3C%2Fsvg%3E\" loading=\"eager\"><\/span><span class=\"fg-image-overlay\"><\/span><\/a><\/figure><div class=\"fg-loader\"><\/div><\/div><div class=\"fg-item fg-type-image fg-idle\"><figure class=\"fg-item-inner\"><a href=\"https:\/\/www.drphotgraph.de\/wp-content\/uploads\/2023\/05\/1072-gal-230517-175723-D8485-o01pfi.webp\" data-attachment-id=\"9670\" data-e-disable-page-transition=\"true\" data-type=\"image\" class=\"fg-thumb\"><span class=\"fg-image-wrap\"><img decoding=\"async\" alt=\"Fotograf Gutschein Fotogutschein Shootinggutschein Dresden Hochzeitsfotografie\" width=\"220\" height=\"89\" class=\"skip-lazy fg-image\" data-src-fg=\"https:\/\/www.drphotgraph.de\/wp-content\/uploads\/cache\/2023\/05\/1072-gal-230517-175723-D8485-o01pfi\/1690633323.webp\" src=\"data:image\/svg+xml,%3Csvg%20xmlns%3D%22http%3A%2F%2Fwww.w3.org%2F2000%2Fsvg%22%20width%3D%22220%22%20height%3D%2289%22%20viewBox%3D%220%200%20220%2089%22%3E%3C%2Fsvg%3E\" loading=\"eager\"><\/span><span class=\"fg-image-overlay\"><\/span><\/a><\/figure><div class=\"fg-loader\"><\/div><\/div><div class=\"fg-item fg-type-image fg-idle\"><figure class=\"fg-item-inner\"><a href=\"https:\/\/www.drphotgraph.de\/wp-content\/uploads\/2023\/05\/1072-gal-230517-175238-D8477-o02.webp\" data-attachment-id=\"9602\" data-e-disable-page-transition=\"true\" data-type=\"image\" class=\"fg-thumb\"><span class=\"fg-image-wrap\"><img decoding=\"async\" alt=\"Fotograf Dresden Moritzburg Pirna Pieschen Pillnitz Striesen Radeberg Nossen Kamenz Loschwitz Dresden\" width=\"220\" height=\"153\" class=\"skip-lazy fg-image\" data-src-fg=\"https:\/\/www.drphotgraph.de\/wp-content\/uploads\/cache\/2023\/05\/1072-gal-230517-175238-D8477-o02\/2293828555.webp\" src=\"data:image\/svg+xml,%3Csvg%20xmlns%3D%22http%3A%2F%2Fwww.w3.org%2F2000%2Fsvg%22%20width%3D%22220%22%20height%3D%22153%22%20viewBox%3D%220%200%20220%20153%22%3E%3C%2Fsvg%3E\" loading=\"eager\"><\/span><span class=\"fg-image-overlay\"><\/span><\/a><\/figure><div class=\"fg-loader\"><\/div><\/div><div class=\"fg-item fg-type-image fg-idle\"><figure class=\"fg-item-inner\"><a href=\"https:\/\/www.drphotgraph.de\/wp-content\/uploads\/2023\/05\/1072-gal-230517-175144-D8476-o02.webp\" data-attachment-id=\"9601\" data-e-disable-page-transition=\"true\" data-type=\"image\" class=\"fg-thumb\"><span class=\"fg-image-wrap\"><img decoding=\"async\" alt=\"Shootinggutschein Portraitfotograf Portrait Erotik Kunst Fotograf Teilakt Wilsdruff Dresden Mei\u00dfen\" width=\"220\" height=\"142\" class=\"skip-lazy fg-image\" data-src-fg=\"https:\/\/www.drphotgraph.de\/wp-content\/uploads\/cache\/2023\/05\/1072-gal-230517-175144-D8476-o02\/1682529920.webp\" src=\"data:image\/svg+xml,%3Csvg%20xmlns%3D%22http%3A%2F%2Fwww.w3.org%2F2000%2Fsvg%22%20width%3D%22220%22%20height%3D%22142%22%20viewBox%3D%220%200%20220%20142%22%3E%3C%2Fsvg%3E\" loading=\"eager\"><\/span><span class=\"fg-image-overlay\"><\/span><\/a><\/figure><div class=\"fg-loader\"><\/div><\/div><div class=\"fg-item fg-type-image fg-idle\"><figure class=\"fg-item-inner\"><a href=\"https:\/\/www.drphotgraph.de\/wp-content\/uploads\/2023\/05\/1072-gal-230517-185537-D8508-o01.webp\" data-caption-title=\"Ideal passend f\u00fcr einen Briefumschlag DIN Lang.\" data-caption-desc=\"Ideal passend f\u00fcr einen Briefumschlag DIN Lang.\" data-attachment-id=\"9604\" data-e-disable-page-transition=\"true\" data-type=\"image\" class=\"fg-thumb\"><span class=\"fg-image-wrap\"><img decoding=\"async\" alt=\"Erotik Teilakt Portrait Pirna Mei\u00dfen Pillnitz L\u00f6btau Dresden Bautzen Dippoldiswalde Guteschein Fotograf\" title=\"Ideal passend f\u00fcr einen Briefumschlag DIN Lang.\" width=\"220\" height=\"156\" class=\"skip-lazy fg-image\" data-src-fg=\"https:\/\/www.drphotgraph.de\/wp-content\/uploads\/cache\/2023\/05\/1072-gal-230517-185537-D8508-o01\/2179017151.webp\" src=\"data:image\/svg+xml,%3Csvg%20xmlns%3D%22http%3A%2F%2Fwww.w3.org%2F2000%2Fsvg%22%20width%3D%22220%22%20height%3D%22156%22%20viewBox%3D%220%200%20220%20156%22%3E%3C%2Fsvg%3E\" loading=\"eager\"><\/span><span class=\"fg-image-overlay\"><\/span><\/a><figcaption class=\"fg-caption\"><div class=\"fg-caption-inner\"><div class=\"fg-caption-desc\">Ideal passend f\u00fcr einen Briefumschlag DIN Lang.<\/div><\/div><\/figcaption><\/figure><div class=\"fg-loader\"><\/div><\/div><\/div><\/div><\/div>\n\t\t\t\t\t\t<\/div>\n\t\t\t\t<\/div>\n\t\t\t\t\t<\/div>\n\t\t<\/div>\n\t\t\t\t\t<\/div>\n\t\t<\/section>\n\t\t\t\t<section class=\"elementor-section elementor-top-section elementor-element elementor-element-6fc23001 elementor-section-boxed elementor-section-height-default elementor-section-height-default\" data-id=\"6fc23001\" data-element_type=\"section\" data-e-type=\"section\">\n\t\t\t\t\t\t<div class=\"elementor-container elementor-column-gap-default\">\n\t\t\t\t\t<div class=\"elementor-column elementor-col-50 elementor-top-column elementor-element elementor-element-594ec78e\" data-id=\"594ec78e\" data-element_type=\"column\" data-e-type=\"column\">\n\t\t\t<div class=\"elementor-widget-wrap elementor-element-populated\">\n\t\t\t\t\t\t<div class=\"elementor-element elementor-element-21a0aeb6 elementor-widget elementor-widget-text-editor\" data-id=\"21a0aeb6\" data-element_type=\"widget\" data-e-type=\"widget\" data-widget_type=\"text-editor.default\">\n\t\t\t\t<div class=\"elementor-widget-container\">\n\t\t\t\t\t\t\t\t\t<p>Ich biete nat\u00fcrlich auch Geschenkgutscheine an.\u00a0 Die enthaltenen Dienstleistungen und auch die \u00e4u\u00dfere Gestaltung k\u00f6nnen individuell angepasst werden.<\/p><p>\u00dcblicherweise drucke ich Gutscheine als Faltkarten in brilliantem Farbdruck auf stabiles Papier der St\u00e4rke 350g\/m\u00b2.\u00a0 Sie wirken dadurch wie Gl\u00fcckwunschkarten.\u00a0 Die Gutscheine enthalten eine Beschreibung der Dienstleistung und sind mit passenden Motiven gestaltet.\u00a0 Die Haptik ist sehr hochwertig.\u00a0 Durch eine Gr\u00f6\u00dfe von ca. 21x10cm im gefalteten Zustand passen die Gutscheine ideal in einen Briefumschlag der Gr\u00f6\u00dfe DIN lang.<\/p><p>Gerne k\u00f6nnen Sie <a href=\"https:\/\/www.drphotgraph.de\/?page_id=6496\">Kontakt<\/a> mit mir aufnehmen.<\/p>\t\t\t\t\t\t\t\t<\/div>\n\t\t\t\t<\/div>\n\t\t\t\t\t<\/div>\n\t\t<\/div>\n\t\t\t\t<div class=\"elementor-column elementor-col-50 elementor-top-column elementor-element elementor-element-56e856c8 elementor-hidden-tablet elementor-hidden-mobile\" data-id=\"56e856c8\" data-element_type=\"column\" data-e-type=\"column\">\n\t\t\t<div class=\"elementor-widget-wrap\">\n\t\t\t\t\t\t\t<\/div>\n\t\t<\/div>\n\t\t\t\t\t<\/div>\n\t\t<\/section>\n\t\t\t\t<\/div>\n\t\t","protected":false},"excerpt":{"rendered":"<p>Gutscheine Gutscheine Ich biete nat\u00fcrlich auch Geschenkgutscheine an.\u00a0 Die enthaltenen Dienstleistungen und auch die \u00e4u\u00dfere Gestaltung k\u00f6nnen individuell angepasst werden. \u00dcblicherweise drucke ich Gutscheine als Faltkarten in brilliantem Farbdruck auf stabiles Papier der St\u00e4rke 350g\/m\u00b2.\u00a0 Sie wirken dadurch wie Gl\u00fcckwunschkarten.\u00a0&#8230;<\/p>\n","protected":false},"author":1,"featured_media":0,"parent":0,"menu_order":0,"comment_status":"closed","ping_status":"closed","template":"templates\/template-fullscreen.php","meta":{"footnotes":""},"class_list":["post-9606","page","type-page","status-publish","hentry"],"acf":[],"_links":{"self":[{"href":"https:\/\/www.drphotgraph.de\/index.php?rest_route=\/wp\/v2\/pages\/9606","targetHints":{"allow":["GET"]}}],"collection":[{"href":"https:\/\/www.drphotgraph.de\/index.php?rest_route=\/wp\/v2\/pages"}],"about":[{"href":"https:\/\/www.drphotgraph.de\/index.php?rest_route=\/wp\/v2\/types\/page"}],"author":[{"embeddable":true,"href":"https:\/\/www.drphotgraph.de\/index.php?rest_route=\/wp\/v2\/users\/1"}],"replies":[{"embeddable":true,"href":"https:\/\/www.drphotgraph.de\/index.php?rest_route=%2Fwp%2Fv2%2Fcomments&post=9606"}],"version-history":[{"count":0,"href":"https:\/\/www.drphotgraph.de\/index.php?rest_route=\/wp\/v2\/pages\/9606\/revisions"}],"wp:attachment":[{"href":"https:\/\/www.drphotgraph.de\/index.php?rest_route=%2Fwp%2Fv2%2Fmedia&parent=9606"}],"curies":[{"name":"wp","href":"https:\/\/api.w.org\/{rel}","templated":true}]}}